l be u(8). Let s = l - -1100. What is the tens digit of s?
7
Let y(r) = -7*r - 36. Let m be y(-6). Let u = 11 - m. Suppose u*o + 4*v = 239, -2*v - 71 = -4*o + 141. What is the units digit of o?
1
What is the hundreds digit of 1/(-21) + (-100007825)/(-2373)?
1
Let n = -275 - -319. Suppose -n*h - 11662 = -51570. What is the tens digit of h?
0
Let t(i) = 7*i**3 - i**2 + 3*i - 1. Let s be t(2). Let u be (-10)/(-25) + (-244)/10 + -3. Let g = s - u. What is the tens digit of g?
8
Let v = -8 - -21. Let d(o) = o**3 - 14*o**2 + 12*o + 16. Let p be d(v). Suppose 2*r = -s + 131, 4*s + 67 = r + p*s. What is the units digit of r?
6
What is the units digit of (0 + -2)*-3*((-24470)/(-4) - 3)?
7
Let x = -14708 - -24242. What is the units digit of x?
4
Suppose -5*s = 2*a + 114, -3*a = -5*a - 4. Let w be ((-3)/2)/(11/s). Suppose -w*u - h = -197, u + 2*h + 68 = 2*u. What is the units digit of u?
6
Suppose 0 = 4*f + 60 + 12. What is the units digit of 12/(-2)*564/f?
8
What is the thousands digit of 962148/143 + (-20)/65?
6
Let m(p) = p**2 + 11*p + 91. Let q be m(-8). Suppose -q*s - 1560 = -75*s. What is the hundreds digit of s?
1
Let h(g) = -4*g + 13 + 83*g**2 - 27*g - 82*g**2. What is the units digit of h(-14)?
3
Suppose 51*n = -2*x + 53*n + 4708, 0 = 3*n + 18. What is the thousands digit of x?
2
What is the thousands digit of (6/(-9))/((360/367173)/(-20))?
3
Suppose 2*i - 4 = -2*x, -3*i - 2*i + 3*x + 18 = 0. Suppose -9 = -6*b - i*b. Suppose -b = 5*u - 76. What is the units digit of u?
5
Suppose 3*m - 2*m = 3*f - 12, -4*m - 8 = -2*f. Suppose 54*g - 48*g - 4974 = m. What is the hundreds digit of g?
8
Suppose -2*b + 2*a + 113 = 3*a, 0 = -2*a - 2. Let v = -129 + b. Let p = v + 127. What is the tens digit of p?
5
Let j = -12827 + 24278. What is the tens digit of j?
5
Let t = 44261 - 29706. What is the thousands digit of t?
4
Let h(r) = 67*r - 52*r - 20*r + 52 - 36*r. What is the hundreds digit of h(-5)?
2
Suppose 5*p - u = u + 2241, -4*u - 12 = 0. Let c = p + -139. Suppose 4*w - 536 - c = 0. What is the units digit of w?
1
What is the tens digit of (69153/(-28))/(((-12)/64)/(-1 - -2))?
7
Let a(v) = 69*v**3 - v**2 - v - 7. What is the ten thousands digit of a(7)?
2
Let d(i) = 1507*i - 2835. What is the hundreds digit of d(4)?
1
Let q = 137 - 133. What is the hundreds digit of ((-9396)/(-72))/(2/q)?
2
Suppose 3*l = -3, 4*f - 5*l + 71 = -72. Let p = 596 - f. What is the units digit of p?
3
Let n(l) = l**3 - 23*l**2 - 69*l - 86. What is the hundreds digit of n(34)?
2
Let v = -250 + 250. Suppose -4*x = 20 - 696. Suppose 3*g - 5*s = -v*s + 163, 3*g + s = x. What is the units digit of g?
6
Let c(a) = -a**3 + 70*a**2 + 110*a + 120. What is the units digit of c(70)?
0
Let p(x) = 1 + 0*x**3 + 5*x + 8*x**2 + 5*x**2 - 5*x**2 + x**3. Let b be p(-5). Suppose 7 = -4*j + b. What is the units digit of j?
1
Suppose 0 = 2*v - 12*v + 50. Let a = 135 + -49. Suppose 149 = v*x - a. What is the units digit of x?
7
Suppose 35*z - 144*z = -50201 - 191125. What is the thousands digit of z?
2
Suppose 2*s + 2257 = 713. Let o = -482 - s. What is the tens digit of o?
9
Suppose -4*n + 3*n = -4. What is the tens digit of 10/((-40)/(-274))*n/2?
3
Suppose 48681 = 4*q - d, 3*q - 36511 = 9*d - 8*d. What is the units digit of q?
0
What is the tens digit of 1/(2/(-10)) - (-8216 - -1 - 26)?
3
Suppose -73 + 73 = 3*c. Suppose c = -20*q + 23*q - 810. Let o = q - 139. What is the units digit of o?
1
Let u(i) = -44*i + 27. Let n be u(2). Let l(o) = -116*o**3 - o - 1. Let q be l(-1). Let w = q + n. What is the units digit of w?
5
Let w = 31 - 29. Suppose 3*i + 31 = 109. Suppose 0 = w*u + 5*l - 82, 2*l - 17 = -u + i. What is the units digit of u?
1
Let q(h) = 8*h**3 + 2*h**2 + 9*h - 17. Let p be q(6). Suppose -p = -5*f - 457. What is the tens digit of -1 - 1 - f/(-3)?
9
Suppose -8*z - 66 = 6. Let p(r) = -r**2 - 9*r + 3. Let x be p(z). Suppose -3*y - 4*o = -3*o - 254, x*o = -y + 98. What is the tens digit of y?
8
Suppose -2*z + 64960 - 206561 = -5*t, 0 = 5*t + 2*z - 141589. What is the units digit of t?
9
Let f(h) = h**3 + 7*h**2 + 6. Let o be f(-7). Suppose -78*v = 68*v + 730. What is the hundreds digit of (16 - 18)/(v/(2775/o))?
1
Let u(s) = 7*s**3 + 15*s**2 + 8*s - 97. Let i(x) = 20*x**3 + 44*x**2 + 24*x - 289. Let g(y) = -6*i(y) + 17*u(y). What is the hundreds digit of g(-12)?
6
Let y be 697/(-4) - (-1 + 12/16). Let b = y - -251. What is the units digit of b?
7
Let y(o) be the third derivative of o**6/144 - 7*o**5/30 + 19*o**4/24 + 2*o**2. Let t(i) be the second derivative of y(i). What is the units digit of t(19)?
7
Let g = -4 + 6. Suppose -55*s + 10 = -53*s. Suppose -k - 38 = -g*i - 3*k, -s*k = 0. What is the tens digit of i?
1
Suppose 35*r = 15*r + 300. Let f(g) = 2*g**2 - 11*g + 14. What is the hundreds digit of f(r)?
2
Let i = 28678 + -19871. What is the tens digit of i?
0
Suppose -25*n = -26*n - 43*n + 297836. What is the tens digit of n?
6
Let b = -13 + 15. Suppose 0 = 2*h - b*t - 422, -16*t = 5*h - 17*t - 1051. What is the units digit of h?
0
Let i be -866*(-3)/(-4)*(-524)/393. Suppose 5*o = -5*h + 2340, -3*h + 1002 + i = 4*o. What is the hundreds digit of o?
4
Let f(i) = i**3 + 6*i**2 + 2*i + 14. Let j be f(-6). Suppose 11 = -3*o - r, 3*r = -o - j*r + 1. What is the tens digit of ((-238)/8)/(o/16)?
1
Let f be ((-102)/(-12))/(2/4). Let j = 22 - f. Suppose d = 4*g - j, 4*g + 2*d = g + 12. What is the units digit of g?
2
Let s(c) = 49*c**2 - 117*c + 1285. What is the units digit of s(11)?
7
Suppose -10*p + 7*p + 927 = 0. Let z = -84 + p. Suppose 4*q = -4*l + 135 + 165, 3*q - 2*l - z = 0. What is the tens digit of q?
7
Let j(p) = 17 - 26*p - 15 - p. Let o(d) = -1. Let h(t) = -j(t) - 6*o(t). What is the units digit of h(3)?
5
Let p be (-6)/(-4) - (-2)/(-8)*-2. Suppose q - u - 959 = -6*u, -2*u + p = 0. Suppose b - q = -8*b. What is the tens digit of b?
0
Let u(z) = -z**3 + 4*z**2 - 5*z + 17. Let f be u(5). Let a(p) = -14*p - 10. What is the tens digit of a(f)?
5
Let m(r) = 28*r + 100. Suppose p + g - 20 = -0*g, 4*g + 100 = 5*p. What is the hundreds digit of m(p)?
6
Let l = 583 + -578. Suppose 3 = -3*m, -2*c - l*m - 299 = -3*c. What is the hundreds digit of c?
2
Let u(b) = 336*b - 26. Let t be -1 + (-2 - -6) + (-14)/7. What is the hundreds digit of u(t)?
3
Let k(h) = -717*h - 2727. What is the units digit of k(-13)?
4
Let g(f) = 3*f**2 + 6*f. Let h be g(-3). Suppose h*a - 13*a = -460. Suppose -a = -3*r - 79. What is the units digit of r?
2
Suppose 0*f + 10 = -2*f, 4*q + f = -165. Let i = 317 + q. What is the hundreds digit of i?
2
What is the tens digit of (-4512)/(-940)*((-15498)/(-8) + -1)?
9
Let a be (1 + -1)*(-8)/16 - 26. Let h = a - -16. What is the units digit of (-1662)/h - 11/55?
6
Suppose 39391 = 73*p - 35359 - 322954. What is the thousands digit of p?
5
Suppose 678 = 9*b - 2580. Let c = b + 101. What is the units digit of c?
3
Suppose -44*h - 34*h - 630 = 27*h. Let a(i) = 10*i**2 + 9*i + 9. Let k(r) = 11*r**2 + 9*r + 9. Let c(o) = 7*a(o) - 6*k(o). What is the tens digit of c(h)?
9
Let j = 9352 - -2105. What is the tens digit of j?
5
Suppose 0 = -9*h + 12*h - 2580. Let a be h/((-2)/(-2)) - (7 - 7). Suppose 0 = -4*i + o + a, 3*o + 860 = 5*i - i. What is the units digit of i?
5
Suppose -4*d + 12 = 2*f, 3*f - 2 = -4*d + 14. What is the units digit of (-66)/(-42) - f/7?
1
Let t = 41744 - 25119. What is the ten thousands digit of t?
1
Suppose -2*x + 5*n + 347 = 6*n, 3*n + 3 = 0. Suppose -x = -5*q + 3046. What is the hundreds digit of q?
6
Let a(u) = 8*u - 10. Let m be a(5). Suppose 0 = 25*n - m*n + 40. What is the units digit of n?
8
Suppose -2*i = 4*t, 3*i = -4*t - 0*t. Let r(f) = f**3 + f**2 + f + 966. What is the tens digit of r(t)?
6
Let l be (598/(-10) - 1)/((-12)/270). Let o = l - 903. What is the tens digit of o?
6
Let w(c) = -c**3 - 6*c**2 - 5*c - 15. Let l be w(-6). Suppose -3*y + 177 = -3*i, -5*i = -3*y + 228 - 43. Let z = y - l. What is the units digit of z?
0
Let l = -19 + 12. Let b(t) = t**3 + 7*t**2 + t - 1. Let a be b(l). What is the units digit of (-714)/a - (-12)/(-48)?
9
Let g = -16 - -38. Suppose -5*o + 3*o = u + 2, g = 5*u + 2*o. Suppose -u*a = a - 784. What is the units digit of a?
2
Suppose 26*j - 1167 = 4267. Let k(y) = y**3 - 13*y**2 - 8*y - 2. Let r be k(13). Let m = r + j.